 2697138*m - 8091410. What is z(3)?
4
Let t(q) = 11735*q - 164290. Determine t(14).
0
Let f(m) = 7*m**2 + 57*m - 59. Give f(-16).
821
Let h(x) = -56155*x + 4099296. Determine h(73).
-19
Let i(j) = -5*j**2 + 10*j + 1673. Determine i(0).
1673
Let d(a) = 10926*a + 983349. Calculate d(-90).
9
Let s(m) = -5391*m + 97032. Determine s(18).
-6
Let v(d) = -242*d + 11266. Give v(49).
-592
Let a(j) = j**2 + 151*j - 4036. What is a(-177)?
566
Let t(x) = 207*x + 26819. Determine t(-128).
323
Let n(k) = 2*k**3 - 238*k**2 + 1154*k - 399. Give n(114).
1197
Let n(l) = 4*l**2 - 758*l - 3785. Calculate n(-5).
105
Let m(o) = -3*o**3 + 178*o**2 + 140*o - 162. Give m(60).
1038
Let s(v) = 18*v**2 + 764*v + 7804. Determine s(-17).
18
Let o(p) = 25*p**2 - 5356*p + 6629. What is o(213)?
26
Let g(c) = -3*c**3 - 785*c**2 - 1546*c + 50. Determine g(-2).
26
Let f(g) = 25*g - 5707. Determine f(228).
-7
Let k(w) = -w**3 + 19*w**2 + 6*w - 2101. Give k(0).
-2101
Let m(l) = 16*l**2 + 2405*l - 4109. Give m(-152).
-5
Let f(h) = -112*h + 26668. Give f(231).
796
Let d(x) = -1367*x + 1033456. Determine d(756).
4
Let m(i) = -16*i**2 - 3515*i + 119880. Determine m(30).
30
Let r(m) = m**2 - 95*m - 5695. What is r(-45)?
605
Let z(l) = 41984*l + 7053368. What is z(-168)?
56
Let a(s) = s**2 + 117014*s + 6549700. Calculate a(-56).
52
Let i(s) = 8*s**2 + 198*s - 158. Give i(0).
-158
Let s(j) = 3*j**2 - 590*j + 28214. Calculate s(43).
8391
Let k(w) = 17063*w - 119601. Determine k(7).
-160
Let z(v) = 426*v + 25842. Give z(-61).
-144
Let b(n) = -23*n**2 + 745*n + 1220. Give b(34).
-38
Let h(q) = q**2 - 52*q - 5644. What is h(116)?
1780
Let n(c) = -16*c**3 - 29*c**2 + 18*c + 40. Calculate n(-5).
1225
Let w(u) = -29*u**3 + 3392*u**2 + 109*u + 936. What is w(117)?
0
Let h(o) = o**2 - 4187*o - 79920. What is h(-19)?
-6
Let b(n) = n**3 - 55*n**2 + 413*n + 42. Calculate b(46).
-4
Let w(a) = -4*a**2 - 1825*a - 57423. Determine w(-34).
3
Let o(s) = -s**3 - 151*s**2 - 38*s + 3433. Give o(-5).
-27
Let o(x) = 2*x**2 + 42776*x - 36. Determine o(0).
-36
Let u(w) = -30*w**2 + 15468*w - 9419. Calculate u(515).
-149
Let r(u) = 2*u**3 + 132*u**2 - 29*u + 7042. Calculate r(-67).
7
Let b(v) = -413*v + 452. Give b(2).
-374
Let h(d) = -18275*d + 127939. What is h(7)?
14
Let g(q) = -q**3 + 74*q**2 - 498*q + 486. Give g(67).
-1457
Let b(c) = -11*c**2 - 1355*c - 2885. Calculate b(-121).
19
Let w(j) = 5*j**2 - 79*j + 401. Calculate w(9).
95
Let z(d) = -3887*d + 264336. Determine z(68).
20
Let n(w) = 511*w - 1815. Give n(4).
229
Let o(c) = -162*c**2 + 746*c - 21. Determine o(4).
371
Let i(n) = -3*n**3 - 4732*n**2 + 17400*n + 14230. Determine i(-1581).
1
Let z(j) = -36*j**2 - 3662*j + 20336. Calculate z(-107).
6
Let p(v) = -73*v - 1279. Determine p(-16).
-111
Let g(m) = 605*m + 341198. Calculate g(-564).
-22
Let u(d) = -600*d**2 - 2431*d - 113. Calculate u(-4).
11
Let x(j) = 17489*j - 297281. Calculate x(17).
32
Let k(j) = 555*j - 15792. Calculate k(28).
-252
Let k(g) = -2*g**2 + 265*g + 7147. Calculate k(-23).
-6
Let q(a) = 3*a**3 + 30*a**2 - 1374*a + 59. Give q(17).
110
Let a(x) = 188*x - 28504. Give a(160).
1576
Let l(b) = b**2 + 11873*b + 5457715. Determine l(-479).
-11
Let s(r) = -4*r - 1928. Give s(-515).
132
Let r(o) = -392*o + 10499. What is r(19)?
3051
Let h(m) = 72108*m - 504755. What is h(7)?
1
Let k(o) = o**2 - 1720*o + 17146. Calculate k(10).
46
Let u(s) = s**3 - 11*s**2 - 70*s + 238. Calculate u(9).
-554
Let i(l) = -7*l**2 - 635*l - 1662. Determine i(-88).
10
Let j(m) = 1678*m + 75618. Calculate j(-45).
108
Let s(c) = 225*c**2 - 41237*c + 11342. What is s(183)?
-4
Let y(j) = -3*j**3 + 28*j**2 - 17*j - 81. Determine y(10).
-451
Let w(h) = -2*h**3 - 826*h**2 - 1665*h - 8647. Determine w(-411).
-16
Let w(k) = -5*k**3 - 133*k**2 - 716*k + 77. Determine w(-19).
-37
Let v(i) = 1168*i + 162837. Give v(-139).
485
Let l(t) = -t**2 + 1084. Determine l(-30).
184
Let l(f) = -f**2 - 228*f - 8801. What is l(-62)?
1491
Let c(q) = 3*q**2 + 487*q - 32652. Calculate c(51).
-12
Let s(h) = 55266*h - 221146. What is s(4)?
-82
Let v(j) = j**3 - 70*j**2 + 544*j + 88. Determine v(61).
-217
Let w(j) = j**2 + 71095*j + 1350449. What is w(-19)?
5
Let b(d) = -d**3 + d**2 + 4312*d + 74716. Give b(-19).
8
Let c(z) = -4*z**2 + 129*z - 1194. What is c(10)?
-304
Let y(h) = -h**3 - 20*h**2 - 188*h - 2406. Calculate y(-17).
-77
Let p(u) = 25*u**2 - 7062*u + 28232. What is p(4)?
384
Let d(o) = 73*o**2 + 1573*o + 2231. Determine d(-20).
-29
Let h(w) = w**3 + 4*w**2 - 67*w + 127. Give h(-16).
-1873
Let r(u) = 3*u**3 + 50*u**2 - 1444*u - 9785. What is r(-6)?
31
Let t(y) = 109*y**2 + 1989*y + 526. What is t(-18)?
40
Let v(f) = f**3 + 14*f**2 + 253127*f + 3797131. What is v(-15)?
1
Let p(j) = j**3 - 68*j**2 + 1080*j - 137. Calculate p(43).
78
Let n(b) = -84840*b - 848443. Calculate n(-10).
-43
Let q(k) = -10*k**3 - 289*k - 1175. What is q(-4)?
621
Let c(x) = -25620*x - 1895882. Calculate c(-74).
-2
Let h(u) = 71*u - 25749. Give h(354).
-615
Let r(o) = 8*o**3 + 54*o**2 - 18*o - 58. What is r(-7)?
-30
Let u(j) = 5742*j - 206690. What is u(36)?
22
Let j(i) = -32117*i - 8093482. Determine j(-252).
2
Let l(i) = 2792*i + 795718. What is l(-285)?
-2
Let u(p) = 3*p**2 + 105134*p + 1051037. Give u(-10).
-3
Let n(z) = z**3 + 56*z**2 + 333*z - 495. Give n(-49).
-5
Let p(z) = -z**3 - 15*z**2 - 45*z - 55. Calculate p(-15).
620
Let n(f) = 35348*f - 6610082. Determine n(187).
-6
Let h(a) = -5*a**2 + 2691*a - 59741. What is h(515)?
-1
Let l(q) = -51408*q - 256981. Determine l(-5).
59
Let u(s) = 196357*s - 392721. What is u(2)?
-7
Let h(o) = 15359*o + 2856775. Calculate h(-186).
1
Let p(z) = z**2 + 178*z + 7111. Calculate p(-101).
-666
Let x(u) = 177565*u - 710282. Give x(4).
-22
Let v(c) = -48822*c**2 + 292928*c + 17. Give v(6).
-7
Let k(t) = 22*t - 81. What is k(17)?
293
Let i(b) = 19*b + 5355. Calculate i(-282).
-3
Let u(w) = -3*w**2 - 11734*w + 6. Determine u(0).
6
Let d(k) = k**2 + 222*k - 413. Determine d(-224).
35
Let h(s) = -88*s**2 + 455*s - 31. Give h(5).
44
Let v(o) = -2031*o - 89526. Give v(-44).
-162
Let l(x) = -5*x**3 + 17*x**2 + 9*x + 31. What is l(4)?
19
Let x(g) = -2*g**3 - 35*g**2 + 2058*g + 33696. Calculate x(-16).
0
Let g(z) = -z**3 - 110*z**2 + 11732*z + 1289927. What is g(-111)?
-4
Let h(l) = -2*l**3 - 106*l**2 + 25. Calculate h(-53).
25
Let a(z) = 113*z**3 + 8027*z**2 + 281*z - 218. Calculate a(-71).
-5
Let g(p) = p**2 - 345*p + 17975. Determine g(64).
-9
Let b(v) = v**3 + 4*v**2 - 294*v + 112. Calculate b(15).
-23
Let b(q) = -3*q**2 - 122*q - 1031. Give b(-27).
76
Let u(z) = 291183*z + 5532472. Determine u(-19).
-5
Let p(c) = -1192*c**3 + 90*c + 88. What is p(-1)?
1190
Let n(j) = 71*j**3 + 10297*j**2 + 288*j - 282. What is n(-145)?
8
Let i(z) = -z**3 + 29*z**2 + 667*z + 102. Determine i(-15).
-3
Let t(x) = 5*x**2 + 555*x + 9031. What is t(-91)?
-69
Let h(g) = -g**3 - 143*g**2 - 193*g - 7221. What is h(-142)?
21
Let c(f) = 1504248*f + 6016987. Calculate c(-4).
-5
Let c(t) = -14*t**3 - 2*t**2 - 208*t + 208. Determine c(1).
-16
Let w(k) = k**3 + 1652*k**2 - 38*k + 7. Calculate w(0).
7
Let q(o) = 106910*o - 1176059. What is q(11)?
-49
Let j(q) = -q**3 - 12*q**2 - 49*q - 359. What is j(-10)?
-69
Let b(d) = -13*d**2 - 231*d. Determine b(-20).
-580
Let x(i) = -5*i**2 + 54*i + 11991. Give x(-44).
-65
Let t(h) = -h**2 - 1391*h - 43479. Calculate t(-32).
9
Let b(t) = -8*t**3 + 314*t**2 - 82*t + 200. Determine b(39).
44
Let z(m) = 54936*m - 2032626. Give z(37).
6
Let p(m) = 54*m**2 - 7154*m - 3725. Calculate p(133).
-1
Let u(q) = 3*q**2 + 4758*q + 762914. Calculate u(-181).
-1
Let n(j) = -13991*j - 713585. Determine n(-51).
-44
Let x(w) = -2*w**3 + 282*w**2 - 5*w - 1343. Determine x(141).
-2048
Let t(q) = -9*q**2 + 6661*q - 4. Calculate t(0).
-4
Let t(v) = -v**3 + 44*v**2 + 3611*v - 48. What is t(-42)?
-6
Let z(y) = -21*y**2 - 10411*y - 71841. Determine z(-7).
7
Let a(b) = 3*b**3 + 57*b**2 + 22*b - 72. What is a(-19)?
-490
Let b(m) = -6*m**3 + 382*m**2 - 613*m - 380. Calculate b(62).
54
Let d(t) = -3*t**2 - 765*t - 36590. Give d(-64).
82
Let j(m) = 1535*m**2 + 7661*m + 33. Determine j(-5).
103
Let h(r) = -r**2 + 339*r - 18015. What is h(273)?
3
Let o(w) = -4*w**3 + 161*w**2 - 399*w - 22. Give o(37).
3012
Let t(a) = -a**2 - 114*a + 1575. Determin